s the tens digit of o?
2
Let q be 20/6*(6 - 3). Let t be (2/q)/((-2)/(-10)). What is the units digit of (0 - t)/((-4)/116)?
9
Suppose -t = -3*t + 22. Suppose -4*d - t = -27. Suppose -r - 55 = -3*r - 3*b, d*b = 4. What is the tens digit of r?
2
Let b(m) = m**2 + 1. Let g(y) = y**3 + y**2 - 6*y - 1. Let f(d) = -4*b(d) + g(d). Let n be (10/(-4))/(4/(-8)). What is the tens digit of f(n)?
1
Suppose 2640 = 10*o + 14*o. What is the units digit of o?
0
Let t(b) = 100*b - 16. Let h be t(6). Suppose -y = 3*y - h. What is the hundreds digit of y?
1
Let t be (0/2)/(-1) + 108 + -20. Let d = -58 + t. What is the units digit of d?
0
Suppose 1394 = 19*o - 15763. What is the units digit of o?
3
Suppose 0 = 14*y - 6*y - 48. Suppose -h + y = -5. What is the tens digit of h?
1
Let j(k) = k**2 + k. Let r be j(-1). What is the units digit of 46 + (r/4)/((-4)/(-2))?
6
Suppose -8*v = -4*v - 16. Let f = 130 + v. What is the tens digit of f?
3
Suppose -13*r = -851 - 1320. Suppose -5*s + 83 + r = 0. What is the units digit of s?
0
Suppose 6*b + 577 - 1597 = 0. What is the units digit of b?
0
Suppose 0 = y + 2*h - 2095, -1564 - 539 = -y + 2*h. What is the units digit of y?
9
Suppose z - l - 20 = 2*l, 0 = z - l - 10. Let x = -5 + 8. Suppose x*u - 38 = -z. What is the tens digit of u?
1
Let r(a) = -7*a**2 + 8*a**2 + a + 66 + a**2. What is the units digit of r(0)?
6
Suppose 2*q + 4*a + 1 - 29 = 0, q - 5*a = 49. Let t = 6 + q. What is the tens digit of t?
3
Suppose 439*b - 438*b - 270 = 0. What is the tens digit of b?
7
Let k(u) = 9*u + 5. Let l be k(9). Let w(o) = -2*o**3 + 2*o**2 - 4*o + 1. Let r be w(3). Let v = r + l. What is the tens digit of v?
3
Let a = -192 + 201. What is the units digit of a?
9
Suppose 9*k = -82 - 26. What is the units digit of k/20 - 736/(-10)?
3
Let m(s) = -30*s - 461. What is the hundreds digit of m(-25)?
2
What is the units digit of 10/25 + (11332/20 - 4)?
3
Let t be (4 - 3) + 9 + 2. What is the units digit of 3/t*4 + 44?
5
Let q be (-8)/60*3*-10. Suppose n + q*l = -0*n + 53, l - 214 = -3*n. What is the tens digit of n?
7
Suppose -4*x + 27 = 4*u - 1, -x - 8 = -4*u. Suppose 5*s + 85 = -2*n + u*n, -3*s + 5*n = 29. What is the units digit of (-27)/s*(-2)/(-3)?
1
Let a(i) = i**3 - i**2 - i - 1. Let o(y) = -5*y**3 - 3*y - 2. Let z(q) = 6*a(q) + o(q). Let g = 18 + -10. What is the tens digit of z(g)?
4
Let p = 257 - 204. Suppose 12 = 3*l, 5*d + 3*l = 4*l - 144. Let z = d + p. What is the tens digit of z?
2
Suppose 0 = 3*v - 2*o - 8022, -35*o + 40*o - 10696 = -4*v. What is the tens digit of v?
7
Let m = 170 - 168. Suppose -3*f - 12 = 0, -m*f + 7*f + 184 = 2*d. What is the tens digit of d?
8
Suppose -5*m = 0, 5*f - 1233 = 3*m + 4542. Suppose -b = 4*g - 228, 2*g + 3*g - f = -5*b. What is the tens digit of b?
3
Suppose -5*o - 2128 = -3*q, -3*o - 939 = 3*q - 3027. What is the hundreds digit of q?
7
Let t be (-4)/10 - 17/(-5). Suppose -2*y = -v - 369, t*y - 6*y - v = -566. What is the units digit of y?
7
What is the units digit of (-11 + 678/18)*(-804)/(-10)?
4
Let g be (2 + -4 - 4) + -2. Let q = g - -8. Suppose q*a - 17 = -a. What is the units digit of a?
7
Let a = -141 - -141. Suppose -4*d + 764 = 4*g, -2*g + a*d + 376 = -4*d. What is the units digit of g?
0
What is the hundreds digit of (-30)/(-45) + (-15272)/(-6)?
5
Let l = 11 - -86. Let v = l - -68. What is the hundreds digit of v?
1
Let j(g) = 3*g**2 + 7*g. Let r be j(-5). Suppose -4*l + r = l. Suppose -4*y - 8 = -l*y. What is the units digit of y?
2
Let n = 58 - 18. Let w be (n/25)/(6/15). What is the units digit of w/18 + 399/27?
5
Let k = -546 + 1049. What is the tens digit of k?
0
What is the hundreds digit of (-6)/24 + (-797)/(-4)?
1
Suppose 3*b = -2*b. Suppose 5 = l - b. What is the units digit of l?
5
Suppose -5*a + 4*a + 19 = 4*r, -a = r - 7. Suppose -4*i + m = -a*i - 12, 0 = -4*i + m + 45. Suppose -s + i = -0*s. What is the units digit of s?
1
Let g be ((-4)/(-20)*5)/((-4)/(-216)). Let f = 131 - g. What is the tens digit of f?
7
Suppose -4*y = -4*w + 24, -5*y = -w + 4*w + 14. What is the units digit of y/((-40)/(-15))*(-124)/3?
2
Let z(n) = -n**3 + 8*n**2 - 27*n - 21*n**2 + 10*n + 3 + 0*n**3. What is the units digit of z(-12)?
3
Suppose 25*g = 11*g + 5684. What is the units digit of g?
6
Suppose 5*y + 28 = y. Let m = 7 + y. Suppose -w - 5*o + 4*o = m, -2*o = 8. What is the units digit of w?
4
Suppose 2*b - 4*b + 566 = -4*n, -2*n = -2*b + 562. Let d = b + -180. What is the tens digit of d?
9
Suppose -79*d = -84*d + 1475. What is the tens digit of d?
9
Suppose -162 = -s - 3*s - 2*p, 4*p + 76 = 2*s. Let y = s + -16. What is the units digit of y?
4
Let s = 13 + -8. Suppose -y = 3*v + 6, -4*y + s = -3*v - 1. What is the tens digit of (y + -12)/(-7 + 6)?
1
Let g be 2/((-4)/(-1))*68. Let y = -27 + g. What is the units digit of y?
7
Suppose 0 = -5*b + 3*f - 9 + 125, -5*b + 113 = -4*f. Let l = 75 - b. What is the tens digit of l?
5
Let v(j) = j**3 + 8*j**2 - 3*j - 8. Let u be v(-8). Let b = u + 18. What is the units digit of b + -4*(-3)/12?
5
Let w(b) = 44*b + 248. What is the tens digit of w(10)?
8
Suppose -44*p = -70*p + 84942. What is the tens digit of p?
6
Let o(h) = 2*h - 17. Let z be o(11). Let w = z - -16. What is the units digit of w?
1
Let y(h) = h**3 + 56*h**2 + 36*h + 187. What is the tens digit of y(-55)?
3
Let i be (4 - 12/2)*-2. Suppose 2 = h + 2*h + i*s, 2 = -2*s. Suppose -h*g + 48 = t, 2*t - t - 26 = -g. What is the tens digit of g?
2
Let o(v) = 48*v**3 - v**2 + v + 1. Let l be o(-1). Let m be (-8)/(-2) - l/(-7). Let t = 1 - m. What is the units digit of t?
4
Suppose 2*k = -p + 364 - 15, 0 = p - 4*k - 367. What is the units digit of p?
5
Let l = 8342 + -5833. What is the hundreds digit of l?
5
Let l be (-17)/2*(-260)/10. Let g be 1/(-4) - l/(-68). Let i(q) = q**3 - q**2 - 4*q + 6. What is the units digit of i(g)?
2
Let j(n) = 13*n**2 - 13. Suppose 5*r = r + 12. What is the hundreds digit of j(r)?
1
Suppose 3 = 11*k - 12*k. Let a be k/12 + 290/8. What is the units digit of (3/1)/(a/312)?
6
Suppose 74 = 2*z + 30. Let n be (z/(-8) + 2)*24. What is the units digit of n/(-5)*(-10)/(-3)?
2
Suppose 0 = -5*i + 3*i + 3*y + 27, i - 16 = 2*y. Let m(v) = 33*v - 5. What is the units digit of m(i)?
3
Let r be 2/(-4) + (-65)/2. Let b = r + 90. What is the units digit of (4 + 22/(-6))*b?
9
Suppose -10 = -r + 35. Suppose 0 = 9*q - 14*q + r. What is the units digit of q?
9
Let n(x) = 7*x**2 + 4*x - 10. Let k be n(3). Suppose 2*r + 5*o - k = 0, -r = -0*r + 2*o - 35. What is the units digit of r?
5
Let i = 40 + 78. Suppose -i - 90 = -4*g. What is the tens digit of g?
5
Let c(t) = -4*t - 7. Let u be c(-3). Let n(h) = -3 - u*h - 12*h**2 - 3*h - 2*h**3 - 5*h. What is the tens digit of n(-6)?
7
Let v = -15 - -26. Let p(o) be the first derivative of 2*o**3/3 - 15*o**2/2 - 3*o + 65. What is the units digit of p(v)?
4
Suppose 19*n - 14*n = 2305. What is the tens digit of n?
6
Let r(q) = 5*q**2 - 10*q + 15. Let s(h) = -h + 1. Let w(b) = r(b) + 4*s(b). What is the units digit of w(8)?
7
Suppose -i - 2*z - 36 = 0, -4*i + 0*z = 4*z + 132. Let p = i + -425. What is the tens digit of 2/5*p/(-7)?
2
Let t = 326 + -165. What is the hundreds digit of t?
1
What is the hundreds digit of (29141/(-21))/(1*3/(-9))?
1
Let m = 205 - -24. What is the units digit of m?
9
Let z(x) = x**2 + 4*x + 9. Let s be z(-7). Suppose 6 - s = -6*a. Suppose a*f - 66 = -2*f. What is the units digit of f?
1
Suppose -6*f = -11*f + 60. Let t be 4/(-10) - f/(-5). Suppose -7*k + t*k = -140. What is the tens digit of k?
2
What is the units digit of (-6)/(-75) - (-6516076)/1550?
4
Let f(g) = -4*g**3 - g**2 + 4*g - 1. Let q be f(-3). Suppose -3*x = 4*p + 120, -5*p - 166 = 2*x - 9. Let j = q + p. What is the tens digit of j?
5
Let c = 8777 - 5538. What is the tens digit of c?
3
Suppose -2*m - m = -18. Suppose -3*s + 19 = -a, a - m*a - 2*s = 44. Let u = 52 + a. What is the units digit of u?
2
Suppose -7*n - 11 = -8*n. Let b(a) be the second derivative of -a**3/6 + 9*a**2 + a. What is the units digit of b(n)?
7
Suppose 0 = 4*u + 2*a + 3*a - 502, 5*u + 5*a = 630. What is the tens digit of u?
2
Suppose -41 = -3*o + 4*y, -3*o - 6*y + 6 = -3*y. Let c = -7 + 15. Let p = c + o. What is the units digit of p?
5
Let a be 4/14 + (-4)/(-14)*27. Suppose a*r = 9*r 